{"batchcomplete":"","query":{"logevents":[{"logid":8,"ns":0,"title":"Oferta Acad\u00e9mica 26-27","pageid":6,"logpage":6,"revid":35,"params":{},"type":"create","action":"create","user":"Ademiguel","timestamp":"2026-04-16T07:14:02Z","comment":"P\u00e1gina creada con \u00ab* [https://iesvaldespartera.catedu.es/2026/04/orientacion-academica-para-el-curso-2026-2027/ Orientaci\u00f3n Acad\u00e9mica IES Valdespartera] * [https://docs.google.com/presentation/d/1khMb3Dh55vz0ZT2ZbI6UOowKAUuzaPrgEEGaQjF7Q9U/edit Programa BAI]\u00bb"},{"logid":7,"ns":6,"title":"Archivo:5xpmkfr4-qr.png","pageid":5,"logpage":5,"revid":29,"params":{},"type":"create","action":"create","user":"Ademiguel","timestamp":"2026-03-02T20:12:51Z","comment":""},{"logid":6,"ns":6,"title":"Archivo:5xpmkfr4-qr.png","pageid":5,"logpage":5,"revid":29,"params":{"img_sha1":"3bjgm7ql7tqmxdcrld3gxmzeu4dm2nh","img_timestamp":"2026-03-02T20:12:51Z"},"type":"upload","action":"upload","user":"Ademiguel","timestamp":"2026-03-02T20:12:51Z","comment":""},{"logid":5,"ns":0,"title":"Mentoract\u00faa Interauton\u00f3mico 2025-26","pageid":4,"logpage":4,"revid":16,"params":{},"type":"create","action":"create","user":"Ademiguel","timestamp":"2026-03-02T18:56:23Z","comment":"P\u00e1gina creada con \u00ab=ORIGEN=  Plan de Acci\u00f3n de Educaci\u00f3n Digital (EUROPA) --> plan de Digitalizaci\u00f3n y Competencias Digitales del Sist. Educativo (ESPA\u00d1A) --> [https://www.cddaragon.es/noticias/ Estrategia Aragonesa de formaci\u00f3n en Competencias digitales Ram\u00f3n y Cajal] (ARAG\u00d3N)\u00bb"},{"logid":4,"ns":0,"title":"Pagina oculta","pageid":3,"logpage":3,"revid":15,"params":{"description":"\u200e[edit=sysop] (indefinido)\u200e[move=sysop] (indefinido)","details":[{"type":"edit","level":"sysop","expiry":"infinite"},{"type":"move","level":"sysop","expiry":"infinite"}]},"type":"protect","action":"protect","user":"Ademiguel","timestamp":"2025-10-21T17:39:21Z","comment":""},{"logid":3,"ns":0,"title":"Pagina oculta","pageid":3,"logpage":3,"revid":14,"params":{},"type":"create","action":"create","user":"Ademiguel","timestamp":"2025-10-21T17:37:42Z","comment":"P\u00e1gina creada con \u00ab__HIDETITLE__  esta es una p\u00e1gina oculta\u00bb"},{"logid":2,"ns":0,"title":"'''Preguntas Frecuentes'''","pageid":2,"logpage":2,"revid":10,"params":{},"type":"create","action":"create","user":"Ademiguel","timestamp":"2025-10-21T17:08:41Z","comment":"P\u00e1gina creada con \u00ab[[_TOC_]] ==\u00bfD\u00f3nde puedo encontrar los documentos de trabajo como profesor (hojas de amonestaciones, organigrama del centro, listado de profesorado y correos electr\u00f3nicos, etc)?==  En la p\u00e1gina web  ==Y si soy tutor/a, \u00bfd\u00f3nde puedo encontrar documentos de trabajo que pueda necesitar (modelos de actas de evaluaci\u00f3n, tareas del tutor, etc)?==   En la p\u00e1gina web\u00bb"},{"logid":1,"ns":0,"title":"P\u00e1gina principal","pageid":1,"logpage":1,"revid":1,"params":{},"type":"create","action":"create","user":"MediaWiki default","timestamp":"2025-10-05T12:17:28Z","comment":""}]}}

Oferta Académica 26-27

Página creada con «* [https://iesvaldespartera.catedu.es/2026/04/orientacion-academica-para-el-curso-2026-2027/ Orientación Académica IES Valdespartera] * [https://docs.google.com/presentation/d/1khMb3Dh55vz0ZT2ZbI6UOowKAUuzaPrgEEGaQjF7Q9U/edit Programa BAI]»

Mentoractúa Interautonómico 2025-26

Página creada con «=ORIGEN=  Plan de Acción de Educación Digital (EUROPA) --> plan de Digitalización y Competencias Digitales del Sist. Educativo (ESPAÑA) --> [https://www.cddaragon.es/noticias/ Estrategia Aragonesa de formación en Competencias digitales Ramón y Cajal] (ARAGÓN)»

Página creada con «__HIDETITLE__  esta es una página oculta»

Página creada con «[[_TOC_]] ==¿Dónde puedo encontrar los documentos de trabajo como profesor (hojas de amonestaciones, organigrama del centro, listado de profesorado y correos electrónicos, etc)?==  En la página web  ==Y si soy tutor/a, ¿dónde puedo encontrar documentos de trabajo que pueda necesitar (modelos de actas de evaluación, tareas del tutor, etc)?==   En la página web»

Página principal
